{"id":5735,"date":"2021-03-18T17:21:29","date_gmt":"2021-03-18T16:21:29","guid":{"rendered":"https:\/\/apps.lfb.es\/photos-de-classe\/?page_id=5735"},"modified":"2021-03-24T12:03:40","modified_gmt":"2021-03-24T11:03:40","slug":"terminos-y-condiciones","status":"publish","type":"page","link":"https:\/\/apps.lfb.es\/photos-de-classe\/terminos-y-condiciones\/","title":{"rendered":"T\u00e9rminos y condiciones"},"content":{"rendered":"<p>[vc_row][vc_column][vc_empty_space][vc_column_text]<\/p>\n<h1>T\u00e9rminos y condiciones<\/h1>\n<p>[\/vc_column_text][vc_empty_space][vc_column_text]<\/p>\n<p align=\"justify\"><strong>Foyer socio educatif du Lyc\u00e9e Fran\u00e7ais de Barcelone<\/strong> es el Responsable del tratamiento de los datos personales del Usuario y le informa que estos datos ser\u00e1n tratados de conformidad con lo dispuesto en el Reglamento (UE) 2016\/679 de 27 de abril de 2016 (GDPR), por lo que se le facilita la siguiente informaci\u00f3n del tratamiento:<\/p>\n<p align=\"justify\"><strong>Criterios de conservaci\u00f3n de los datos<\/strong>: una vez finalizada la venta de las fotos se suprimir\u00e1n sus datos con medidas de seguridad adecuadas\u00a0 para la destrucci\u00f3n total de los mismos.<\/p>\n<p><strong>Comunicaci\u00f3n de los datos:<\/strong> No se comunicar\u00e1n los datos a terceros, salvo\u00a0obligaci\u00f3n legal.<\/p>\n<p align=\"justify\"><strong>Derechos que asisten al Usuario<\/strong>:<br \/>\n&#8211; Derecho a retirar el consentimiento en cualquier momento.<br \/>\n&#8211; Derecho de acceso, rectificaci\u00f3n, portabilidad y supresi\u00f3n de sus datos y a la limitaci\u00f3n u oposici\u00f3n al su tratamiento.<br \/>\n&#8211; Derecho a presentar una reclamaci\u00f3n ante la Autoridad de control (agpd.es) si\u00a0considera que el tratamiento no se ajusta a la normativa vigente.<\/p>\n<p align=\"justify\">Datos de contacto para ejercer sus derechos:<br \/>\nEmail: <a href=\"mailto:communication@lfb.es\">communication@lfb.es<\/a><\/p>\n<p>[\/vc_column_text][\/vc_column][\/vc_row]<\/p>\n","protected":false},"excerpt":{"rendered":"<p>[vc_row][vc_column][vc_empty_space][vc_column_text] T\u00e9rminos y condiciones [\/vc_column_text][vc_empty_space][vc_column_text] Foyer socio educatif du Lyc\u00e9e Fran\u00e7ais de Barcelone es el Responsable del tratamiento de los datos personales del Usuario y le informa que estos datos ser\u00e1n tratados de conformidad con lo dispuesto en el Reglamento (UE) 2016\/679 de 27 de abril de 2016 (GDPR), por lo que se le facilita la siguiente informaci\u00f3n del tratamiento: Criterios de conservaci\u00f3n de los datos: una vez finalizada la venta de las fotos se&hellip;<\/p>\n","protected":false},"author":7,"featured_media":0,"parent":0,"menu_order":0,"comment_status":"closed","ping_status":"closed","template":"","meta":[],"acf":[],"_links":{"self":[{"href":"https:\/\/apps.lfb.es\/photos-de-classe\/wp-json\/wp\/v2\/pages\/5735"}],"collection":[{"href":"https:\/\/apps.lfb.es\/photos-de-classe\/wp-json\/wp\/v2\/pages"}],"about":[{"href":"https:\/\/apps.lfb.es\/photos-de-classe\/wp-json\/wp\/v2\/types\/page"}],"author":[{"embeddable":true,"href":"https:\/\/apps.lfb.es\/photos-de-classe\/wp-json\/wp\/v2\/users\/7"}],"replies":[{"embeddable":true,"href":"https:\/\/apps.lfb.es\/photos-de-classe\/wp-json\/wp\/v2\/comments?post=5735"}],"version-history":[{"count":3,"href":"https:\/\/apps.lfb.es\/photos-de-classe\/wp-json\/wp\/v2\/pages\/5735\/revisions"}],"predecessor-version":[{"id":5762,"href":"https:\/\/apps.lfb.es\/photos-de-classe\/wp-json\/wp\/v2\/pages\/5735\/revisions\/5762"}],"wp:attachment":[{"href":"https:\/\/apps.lfb.es\/photos-de-classe\/wp-json\/wp\/v2\/media?parent=5735"}],"curies":[{"name":"wp","href":"https:\/\/api.w.org\/{rel}","templated":true}]}}

Términos y condiciones

<p>[vc_row][vc_column][vc_empty_space][vc_column_text]</p>
<h1>Términos y condiciones</h1>
<p>[/vc_column_text][vc_empty_space][vc_column_text]</p>
<p align="justify"><strong>Foyer socio educatif du Lycée Français de Barcelone</strong> es el Responsable del tratamiento de los datos personales del Usuario y le informa que estos datos serán tratados de conformidad con lo dispuesto en el Reglamento (UE) 2016/679 de 27 de abril de 2016 (GDPR), por lo que se le facilita la siguiente información del tratamiento:</p>
<p align="justify"><strong>Criterios de conservación de los datos</strong>: una vez finalizada la venta de las fotos se suprimirán sus datos con medidas de seguridad adecuadas  para la destrucción total de los mismos.</p>
<p><strong>Comunicación de los datos:</strong> No se comunicarán los datos a terceros, salvo obligación legal.</p>
<p align="justify"><strong>Derechos que asisten al Usuario</strong>:<br />
&#8211; Derecho a retirar el consentimiento en cualquier momento.<br />
&#8211; Derecho de acceso, rectificación, portabilidad y supresión de sus datos y a la limitación u oposición al su tratamiento.<br />
&#8211; Derecho a presentar una reclamación ante la Autoridad de control (agpd.es) si considera que el tratamiento no se ajusta a la normativa vigente.</p>
<p align="justify">Datos de contacto para ejercer sus derechos:<br />
Email: <a href="mailto:communication@lfb.es">communication@lfb.es</a></p>
<p>[/vc_column_text][/vc_column][/vc_row]</p>

<p>[vc_row][vc_column][vc_empty_space][vc_column_text] Términos y condiciones [/vc_column_text][vc_empty_space][vc_column_text] Foyer socio educatif du Lycée Français de Barcelone es el Responsable del tratamiento de los datos personales del Usuario y le informa que estos datos serán tratados de conformidad con lo dispuesto en el Reglamento (UE) 2016/679 de 27 de abril de 2016 (GDPR), por lo que se le facilita la siguiente información del tratamiento: Criterios de conservación de los datos: una vez finalizada la venta de las fotos se&hellip;</p>
